n factor of m and b.
4
Let g(a) = a**2 - 2*a. Let v be g(2). Suppose -5*s + 2*x + 100 = -v*s, 3*s - 86 = -4*x. What is the greatest common divisor of s and 55?
11
Let w be 66 + 3 + (-6 - -2). Let x be ((-39)/(-6))/(2/8). What is the highest common factor of w and x?
13
Let b be (2 + -7)/((-2)/8). Suppose -4*g + 0*g = b, -5*s + 140 = -3*g. What is the highest common factor of s and 10?
5
Let r be 100/6 + 4/(-6). Suppose -j = -3 - 1. What is the highest common divisor of r and j?
4
Let o = -52 + 26. Let d be (o/3)/((-1)/3). Calculate the highest common factor of d and 13.
13
Suppose 6 = -2*x, 0*h + 6 = 3*h + 3*x. Suppose -137 = -h*n - 2. Calculate the greatest common factor of 216 and n.
27
Let t be 2/(-5) - 296/20*-3. Calculate the highest common factor of 4 and t.
4
Let h(j) = j**3 + 7*j**2 - 2. Let p be h(-7). Let t = 25 - p. Let c = t + 0. What is the highest common divisor of 18 and c?
9
Suppose -3*q + 19 = 2*n, q - 1 = 2. Let i be 566/10 - (-30)/(-50). Suppose -m = -n*m + i. Calculate the greatest common divisor of 35 and m.
7
Let l = 96 - -47. Suppose v + 52 = 4*q, 4*q - 44 = 5*v + 8. What is the highest common factor of l and q?
13
Let j = 32 + -5. Suppose 5*z + 69 = 4*v, -v = v + 5*z - j. Calculate the greatest common factor of 40 and v.
8
Suppose -4*n = -20 + 8. Suppose l - n*l = -180. What is the highest common factor of 18 and l?
18
Let f = 1 + 3. Let a = -11 - -15. Calculate the highest common factor of f and a.
4
Let x = 497 + -65. What is the highest common factor of x and 16?
16
Suppose 4*r - 864 = -344. Suppose n = 3*v + 17, -n = -4*n + 4*v + 66. Calculate the greatest common divisor of r and n.
26
Let q = -13 + 25. Calculate the greatest common factor of 6 and q.
6
Suppose 78 = 4*d - d + 3*b, 5*d + 2*b - 124 = 0. What is the highest common factor of 24 and d?
24
Let j be ((-3)/(-6))/((-2)/(-48)). Let z(k) = -96*k**3 - k**2 - k. Let a = 9 - 10. Let r be z(a). Calculate the highest common factor of j and r.
12
Let n(j) = -j**3 - 6*j**2 + 6*j - 3. Let z be n(-7). Suppose -r + z*r = -2*c + 93, 3*c - 141 = -5*r. Calculate the highest common factor of 14 and c.
14
Suppose 3*s - 6 + 33 = 0. Let r be s*1*-1 + 0. Let m = 211 - 130. Calculate the greatest common divisor of m and r.
9
Let x be 161/6 - (-2)/12. Let t = x - 15. Let q = 35 - 23. What is the greatest common factor of q and t?
12
Let b(d) = 4*d**2 - 12*d + 16. Let r be b(8). Calculate the greatest common factor of r and 22.
22
Let a(c) = 0*c**3 - c**3 - 3 + 0*c**3 + 2*c**2 - 5*c + 6*c**2. Let t be a(6). Let r = t + -26. What is the greatest common divisor of 143 and r?
13
Let p = 11 + -7. Let o(b) = 2*b**3 - b - 2. Let w be o(2). What is the greatest common factor of p and w?
4
Suppose -3*w + 4*b + 184 + 216 = 0, 2*b = 4. Calculate the highest common factor of w and 17.
17
Let k(u) = 3*u**2 - 6*u + 4. Let y be k(4). Suppose 0 = 5*b - 5, -5*b + 75 = -4*x + 5*x. What is the greatest common factor of x and y?
14
Let g(v) = -4*v - 4. Let m be g(-5). Let y(u) = u**2 - 2*u - 4. Let l be y(0). Let s = m + l. Calculate the greatest common factor of 18 and s.
6
Let w = -2 - -3. What is the highest common divisor of w and 7?
1
Let g be (-6)/(-3*3/(-6)). Let j(a) = a**2 + 2*a + 2. Let h be j(g). Calculate the greatest common divisor of 110 and h.
10
Let u(w) = 16*w**2 + 6*w + 8. Let n be u(-2). Calculate the highest common divisor of n and 80.
20
Suppose -3*l - 2*g = -g - 180, 240 = 4*l - 2*g. What is the highest common factor of l and 12?
12
Let n = 17 + 3. Suppose -2*v = 5*i - 25, 3*v - 7 - n = -4*i. Suppose -l + 0*l + 16 = 3*m, -4*l + 28 = i*m. Calculate the greatest common divisor of 1 and m.
1
Let d be -265*(-3)/3 + 1. Calculate the highest common divisor of d and 38.
38
Let i be (0 + -1 + 0)*-5. Suppose 0 = -i*w - 5 + 50. Suppose 3*r = -5*m + 2*m, 4*m - w = 5*r. Calculate the greatest common factor of m and 11.
1
Suppose 6 = -u + 8. Suppose 4*q + 4 = 2*x, -u*q + 4 = -2*x + 4*x. What is the highest common divisor of x and 22?
2
Let s(a) = -a**3 - 9*a**2 - 15*a + 1. Let i be s(-7). Calculate the highest common factor of i and 72.
8
Suppose 5*v - 291 = -4*g, 5*g - 16 = g. What is the highest common factor of 22 and v?
11
Let q be (-12)/(-6) + (3 - 3). Suppose 0 = -b + q*t, 2*b = t - 4*t + 35. What is the highest common divisor of 50 and b?
10
Let m be -150*(6/(-5))/3. Calculate the greatest common factor of m and 12.
12
Suppose 3*y = 36 + 27. Suppose 0*g - p - 9 = -2*g, -5*p - y = -4*g. Suppose -g*n + 7 = -41. Calculate the highest common factor of 132 and n.
12
Let t(i) = -2*i + 476. Let y be t(0). What is the greatest common factor of y and 68?
68
Let t(d) = -d**3 - 5*d**2 + 4*d + 10. Let r be t(-6). Calculate the highest common divisor of 66 and r.
22
Suppose 56*d = 53*d + 420. Calculate the highest common divisor of d and 28.
28
Suppose -5*h + 7*h - 20 = 0. What is the greatest common factor of h and 90?
10
Let p(d) = 2*d - 4. Let v be p(4). Let a = -2 - -1. Let b be (-3 - a)*(-2)/4. Calculate the greatest common factor of v and b.
1
Let v(t) = -t**3 + 4*t**2 + 4. Let s be v(4). Suppose -2*b = -s*b - 3*r + 30, -b = 5*r - 22. What is the highest common factor of b and 12?
12
Let p be (-1 - 0)*25/(-5). Let c(n) = -n**2 + 11*n + 2. Let s be c(p). What is the greatest common divisor of s and 16?
16
Suppose 5*c + 6*c = 1144. Calculate the highest common divisor of 13 and c.
13
Let c be ((-3)/(-5))/(8/520). What is the highest common divisor of c and 273?
39
Let q be (16/10)/((-4)/(-10)). Suppose -6 = -5*c + q. Let l be c/(-10) + (-482)/(-10). Calculate the highest common divisor of l and 16.
16
Let d be 0 - ((-4)/(-2) - 5). Suppose 2*t - 9 = -3*n, 2*n + 30 = 3*t - d. What is the greatest common divisor of 72 and t?
9
Let g(x) be the second derivative of 0 + 3/2*x**2 + 1/3*x**3 + x + 1/12*x**4. Let q be g(6). What is the highest common divisor of q and 17?
17
Suppose d + 5*b + 11 = 3*d, 3*d - 12 = 3*b. Let u be (-1)/d + (-1227)/(-9). Calculate the greatest common factor of 17 and u.
17
Let f = 9 + -5. Let w be f/(1/((-22)/(-4))). Let a be (110/6)/(3/9). Calculate the highest common factor of w and a.
11
Suppose -328 = -4*b + 4*f, 5*b + 2*f - 251 = 187. Calculate the highest common factor of b and 129.
43
Let f = -30 + 54. Suppose 3*d = -4*y - 0*y + 281, -2*d + 184 = y. Let b = -55 + d. What is the greatest common factor of f and b?
12
Let f = 173 + -102. Let d = f - 51. Suppose 3*l - 25 = -2*l. What is the greatest common factor of d and l?
5
Let g be (-50)/(-4) - 2/4. Suppose 3*w + 5*p - 32 = 0, w - p - 4 = -w. Suppose w*a - 73 = -25. Calculate the highest common divisor of g and a.
12
Let j be 102/(-4)*(-4)/6. Suppose -1 + 17 = 4*q. Let g(z) = 18*z - 4. Let n be g(q). What is the highest common factor of j and n?
17
Let f(c) = -3*c**2 + 4*c + 6. Let h(u) = 4*u**2 - 3*u - 5. Let t(x) = 4*f(x) + 5*h(x). Let r be t(1). What is the highest common divisor of r and 20?
4
Let z be (-2 + 1)/(-1) - 1. Suppose z = 5*a + 2 + 8. Let x be 6/(14/4 + a). Calculate the highest common factor of x and 10.
2
Let c(x) = -x**3 - 10*x**2 - 3*x + 3. Let f be c(-10). What is the highest common factor of 231 and f?
33
Suppose 4*t = -5 + 13. Suppose -4*j + 18 - 6 = z, 18 = t*z + 2*j. Let u = 37 - 25. Calculate the greatest common divisor of z and u.
4
Suppose 4*u = 26 + 422. Let w = u + -64. Let z be ((-10)/(-4))/(4/w). What is the highest common factor of 20 and z?
10
Let m be (-2314)/(-338) + 4/26. What is the highest common divisor of 28 and m?
7
Let k be 0 + -4 + 29 + (1 - -4). Calculate the greatest common divisor of k and 240.
30
Suppose 0 = 4*z + 5*b - 513, -4*b - 97 = 5*z - 727. Let c be 3/(-6) + z/4. What is the highest common divisor of 12 and c?
6
Let y = -8 + 123. What is the highest common factor of y and 23?
23
Suppose -2*q = -5*i - 57, -4*q = -3*i - 0*i - 93. Let m = -15 + q. What is the highest common divisor of m and 12?
6
Let s be 3/((-18)/(-2))*66. Suppose -t = -0*t - 88. Calculate the greatest common divisor of s and t.
22
Let x be (1/(-3))/((-1)/3). Suppose -17 - x = -3*f. What is the greatest common factor of f and 4?
2
Let g = 0 + -1. Let p be (0*1/2)/g. Suppose p*y + y - 121 = 0. What is the highest common factor of y and 11?
11
Suppose 2*l = 7*l. Suppose -a + 4*j + 21 + 14 = 0, l 